. Let c be (2 - 1)/(2/40). What is the highest common factor of p and c?
4
Let h be (0 + (-5)/(-10))/(1/4). Suppose -h*b - 4*b = -78. What is the greatest common factor of b and 13?
13
Let d(t) = -24*t - 3. Let k be d(-1). Suppose -3*h + 9 = -3*j - k, 3*h + j = 26. What is the greatest common divisor of 45 and h?
9
Let p be ((-4)/(-7))/((-2)/(-14)). Let l(g) = 3*g**2 - 4*g**3 + 7*g**3 + p - 2 - g**2. Let r be l(2). Calculate the highest common divisor of 85 and r.
17
Let g(a) = -a**3 + 16*a**2 + 18*a + 1. Let f be g(17). Suppose -3*i = -f - 24. Calculate the greatest common divisor of i and 126.
14
Let c(y) = -1 + y**3 + 0 - 3*y - 1 - 2 - 3*y**2. Let g be c(4). Suppose g*k + 55 = k. What is the greatest common factor of 11 and k?
11
Let a be -5*(384/(-60) - -5). Calculate the greatest common divisor of 1267 and a.
7
Suppose -7*y + 5*y = -216. Let x(f) = 11*f**2 - 2*f - 1. Let v be (-1 - -2) + (-8)/4. Let u be x(v). Calculate the highest common divisor of u and y.
12
Let k = -140 - -140. Let p be k*(2 - (-15)/(-6)) - -11. Suppose 0*i + 5*i - l - 2 = 0, -3*i = -2*l + 3. What is the greatest common factor of p and i?
1
Let w(m) be the first derivative of -m**4/4 - 4*m**3/3 - m**2 + m + 16. Let a be w(-4). What is the greatest common divisor of a and 36?
9
Let g be (-28)/(6 + -4) - -2. Let o be 6/g*(-152 + -2). Suppose -2*t - 2*s = -s - 20, -3*t = -2*s - 37. Calculate the highest common factor of o and t.
11
Suppose 0 = -5*y + 385 + 175. Let c = 6 - -52. Suppose 72 = s + c. What is the greatest common factor of y and s?
14
Let n = -36 - -17. Let z = 61 - n. Let i = -14 - -24. Calculate the highest common divisor of i and z.
10
Suppose -247*c - 2500 = -272*c. What is the greatest common divisor of 175 and c?
25
Suppose 16*a - 162 = 19*a. Let p be (-6*(-4)/30)/(a/(-1485)). What is the greatest common factor of 33 and p?
11
Let t(n) = -3*n**3 + n**2 - 5*n - 12. Let i be t(-2). What is the greatest common factor of i and 6?
2
Let l be 6 + -5 + 52 + (-6)/2. Suppose -3*p = -5*h + 100, 4*h + p + 2 - 82 = 0. What is the greatest common factor of h and l?
10
Let v = -3 + 380. What is the highest common divisor of 29 and v?
29
Let u = 163 + -135. What is the greatest common factor of u and 364?
28
Let h be (-2)/6 - (-44)/6. Suppose -3*t - 1371 = -h*w + 3*w, -w + 342 = -t. Suppose 4*d = -45 + w. What is the greatest common factor of 15 and d?
15
Let l be (-1092)/(-54) + (-4)/18. Suppose -2*t - 13 = -3*w - 0*w, -t + 16 = 3*w. Calculate the highest common divisor of w and l.
5
Suppose 0 = -2*b - 2 + 62. What is the greatest common factor of 90 and b?
30
Suppose 2*j = -2, -4*i + 4*j + 3 = -1021. Calculate the highest common divisor of 15 and i.
15
Let b be 2/7 + (-248)/(-14). Suppose -9 = -2*i + y, i - 4*y - 24 = -3*i. Let j be (-10)/i*(-81)/15. What is the greatest common factor of j and b?
18
Suppose -1166 - 424 = -6*i. What is the highest common factor of 53 and i?
53
Let t = 119 - 47. Let n = 99 - t. What is the highest common divisor of n and 216?
27
Let s(m) = 11*m - 12. Let z be s(2). Calculate the highest common divisor of 35 and z.
5
Suppose b - 2 = -j + 9, 0 = 2*b - 2. Let g be (4 - (-55)/(-10))/(2/(-8)). Suppose s - g*s + j = 0. Calculate the greatest common factor of 22 and s.
2
Let r be (6/4)/((-9)/(-6)). Suppose -7*p + 12*p = 10. What is the greatest common divisor of r and p?
1
Let l(o) = 2*o**2 + 9*o - 1. Let h be (6/(-6))/((-1)/(-7)). Let u be l(h). Calculate the greatest common divisor of 51 and u.
17
Suppose -2*w + 94 = 4*g, 2*g - 3*w - 52 = w. Let q = 14 + 9. Suppose -q = -2*a - 7. Calculate the highest common factor of g and a.
8
Let f be (-16 + 5 - -7) + 30*1. Suppose -p - 3*n = -0*p - 249, -727 = -3*p - 5*n. What is the greatest common factor of p and f?
26
Let c be 18/6 + (9 + 1 - -2). Suppose 0 = -3*i + 3*f + 6 + c, -7 = -i - f. Calculate the highest common divisor of i and 28.
7
Let a(x) = -3*x**2 + 1. Let n be a(-1). Let f be n + 7/(-3)*-3. Suppose 160 = f*o - 215. Calculate the greatest common factor of 25 and o.
25
Let z(h) = -h**3 - h**2 + h - 14. Let r be z(0). Let n be (-780)/(-14) + (-4)/r. Let a be (11 - 2) + (0 - 1). What is the greatest common divisor of a and n?
8
Let f = 514 - 501. Suppose 3*h + 416 = 7*h. What is the highest common divisor of h and f?
13
Let x(i) = -2*i**2 + 18*i + 32. Let n be x(10). Calculate the highest common factor of 6 and n.
6
Let x(o) = 4*o + 18. Let b be x(9). Suppose 6*h - 80 = h. Let t = h - 10. What is the highest common divisor of t and b?
6
Let x = -252 + 279. Calculate the highest common factor of x and 1.
1
Let t = -537 - -550. Suppose 0 = -4*g + 8, -2*c + g + 11 = 35. Let a = t + c. What is the greatest common divisor of 1 and a?
1
Let c(l) = -l**3 - 11*l**2 - 12*l - 11. Let b be c(-10). Suppose 1 = 4*h + b. Let z be (0 + 2)/(h/(-20)). What is the highest common factor of 30 and z?
10
Let l(c) = -c - 1. Let a(m) = 6*m - 27. Let j(y) = -a(y) - 5*l(y). Let o be j(22). What is the highest common factor of 10 and o?
10
Let t(v) = v + 4. Let i be t(4). Let d be (-2)/(-8) - (-190)/i. Let q = -7 - -13. Calculate the greatest common divisor of d and q.
6
Suppose 3*y - 8 = 19. Let f be -2*(21/(-7) - y/2). Let w be 30*(1 + 2/2). What is the highest common divisor of f and w?
15
Suppose -328 = -2*r - 3*s - 17, 459 = 3*r - 3*s. What is the greatest common factor of 42 and r?
14
Let a(v) = -v**3 - 9*v**2 + 11*v - 2. Let p be a(-10). Let t be (p/10)/((-2)/30). What is the greatest common divisor of 27 and t?
9
Let h(m) be the first derivative of -3 + 1/2*m**2 - m. Let u be h(12). Calculate the greatest common divisor of u and 11.
11
Let v(o) = -o**2 - 10*o + 9. Let g be v(-11). Let c be (-29)/g + 1/(-2). What is the greatest common factor of 154 and c?
14
Suppose 12 = 2*g + g. Suppose 17 = 3*d + 3*m + 2, g*m = 4*d - 44. Suppose d*n + 148 = 12*n. Calculate the highest common factor of 407 and n.
37
Let f(p) = -15*p**2 + 2*p + 1. Let r be f(-1). Suppose 5*g - 4*g + 3 = 0, -4*q + 65 = 5*g. Let i = q + r. Calculate the greatest common factor of 1 and i.
1
Let p = 50 - 50. Suppose p*d + d = 2. What is the greatest common divisor of 5 and d?
1
Let y be -2 - (-9 + 12/4 + -1305). What is the highest common factor of y and 154?
77
Let d = -211 - -295. Suppose -4*z = -2*z - d. What is the highest common factor of z and 21?
21
Let c = 3 + 2. Suppose -11 = -x - c. What is the highest common divisor of 9 and x?
3
Let v be (2 + (-12)/8)*112. Calculate the greatest common divisor of 42 and v.
14
Let x be 27/((-27)/40)*16/(-2). What is the greatest common factor of x and 448?
64
Let m = -30 + 51. Suppose 0 = 2*y - 45 - m. Suppose -5*a - 3 = -y. What is the highest common factor of 24 and a?
6
Suppose 2*u - 693 = 333. Calculate the greatest common divisor of u and 19.
19
Suppose -5*o + 2*o = -48. Suppose 8*b - 3*b = 0. Suppose -24 = -c - b*c. Calculate the greatest common factor of o and c.
8
Let f(a) = -2*a + 10. Let x be f(5). Suppose 28 = -0*i + i - 2*v, 3*i + 4*v - 74 = x. Calculate the greatest common factor of i and 13.
13
Let l be -21*(6/9)/2. Let j = 18 + l. Let z be 6/8 + (-574)/(-56). What is the highest common divisor of j and z?
11
Suppose -2*g = -f - 59, -4*f + 85 + 39 = 4*g. What is the highest common divisor of g and 430?
10
Suppose -3*o + 2*k + 4 = 0, 3*o + o = k + 12. Let j(r) = -2*r + 5. Let p be j(o). Let m be 3 + 10 + 6/p. What is the greatest common divisor of m and 99?
11
Let a = 3 + 1. Suppose x + 60 = a*w - 3*x, -5*x - 55 = -4*w. Calculate the greatest common divisor of w and 30.
10
Suppose 2 = 5*r - 23. Let c be -2*(14/4 + -3). Let u be 3*c/(-3)*r. Calculate the highest common factor of u and 55.
5
Let y(a) = -3 + 3 - 4*a + 16*a. Let v be y(-3). Let c be (1/(-2))/(1/v). What is the greatest common divisor of 90 and c?
18
Suppose z - 3 = -t, 4*z = -0*t + 2*t - 6. Suppose z*k - 4*k + 80 = 0. What is the highest common factor of 140 and k?
20
Let z(b) = -2*b**3 + 5*b**2 + 204. Let i be z(0). What is the highest common divisor of i and 459?
51
Let o = 0 - 10. Let q = o - -18. Calculate the highest common divisor of 16 and q.
8
Suppose -4*s + 16 = 0, 11*s + 93 = z + 13*s. Calculate the greatest common factor of 34 and z.
17
Suppose 0 = -121*r + 123*r - 450. What is the highest common divisor of 